{"id":12387,"date":"2019-08-02T12:11:01","date_gmt":"2019-08-02T10:11:01","guid":{"rendered":"http:\/\/www.ciriec.uliege.be\/?post_type=tribe_events&#038;p=12387"},"modified":"2019-08-02T12:11:25","modified_gmt":"2019-08-02T10:11:25","slug":"x-iberian-colloquium-on-social-economy-of-ciriec-1st-international-colloquium-on-social-economy-of-the-inatel-foundation-18-19-nov-2019-lisbon","status":"publish","type":"tribe_events","link":"https:\/\/www.ciriec.uliege.be\/en\/event-ciriec\/x-iberian-colloquium-on-social-economy-of-ciriec-1st-international-colloquium-on-social-economy-of-the-inatel-foundation-18-19-nov-2019-lisbon\/","title":{"rendered":"X Iberian Colloquium on Social Economy of CIRIEC \/  1st International Colloquium on Social Economy of the INATEL Foundation &#8211; 18-19 Nov. 2019, Lisbon"},"content":{"rendered":"<p><img loading=\"lazy\" class=\"size-medium wp-image-12377 alignnone\" src=\"https:\/\/www.ciriec.uliege.be\/wp-content\/uploads\/2019\/08\/Logo_Coloquio_iberico_ENG-300x170.jpg\" alt=\"\" width=\"300\" height=\"170\" srcset=\"https:\/\/www.ciriec.uliege.be\/wp-content\/uploads\/2019\/08\/Logo_Coloquio_iberico_ENG-300x170.jpg 300w, https:\/\/www.ciriec.uliege.be\/wp-content\/uploads\/2019\/08\/Logo_Coloquio_iberico_ENG-768x435.jpg 768w, https:\/\/www.ciriec.uliege.be\/wp-content\/uploads\/2019\/08\/Logo_Coloquio_iberico_ENG-1024x581.jpg 1024w, https:\/\/www.ciriec.uliege.be\/wp-content\/uploads\/2019\/08\/Logo_Coloquio_iberico_ENG-700x400.jpg 700w\" sizes=\"(max-width: 300px) 100vw, 300px\" \/><\/p>\n<h6 style=\"text-align: center;\"><strong>X Iberian Colloquium on Social Economy of CIRIEC<br \/>\n&amp;<br \/>\n<\/strong><strong>1<sup>st<\/sup> International Colloquium on Social Economy of the INATEL Foundation<\/strong><\/h6>\n<h6 style=\"text-align: center;\"><strong><br \/>\n*************<br \/>\n<\/strong><strong style=\"color: #ff6600; font-size: 16px;\">CALL FOR ABSTRACTS<\/strong><\/h6>\n<p>&nbsp;<\/p>\n<p>The Organizing Committee of the <strong>X Iberian Colloquium on Social Economy of CIRIEC <\/strong>and<strong> 1<sup>st<\/sup> International Colloquium on Social Economy of the INATEL Foundation<\/strong> invites the submission of abstracts.<\/p>\n<p><strong>The submission is open on the <em>webpage <\/em>of the Colloquia\u00a0<a href=\"https:\/\/fs6.formsite.com\/inatel\/cciip\/index.html\" target=\"_blank\" rel=\"noopener\">(https:\/\/fs6.formsite.com\/inatel\/cciip\/index.html )<\/a><\/strong>, where you can consult the list of topics, as well as other relevant information about the event. <strong>The deadline for submission of abstracts is <span style=\"color: #ff6600;\">15 September 2019<\/span>.<\/strong><\/p>\n<p><strong>The Colloquia <\/strong>will be held at Lisbon (18-19 November 2019) is jointly organized by the CIRIEC\u00a0 \u2013 Portugal, CIRIEC \u2013 Spain and INATEL Foundation<\/p>\n<p>The overall theme of the Colloquia is <strong>Territory, Heritage and Social Tourism Sustainability<\/strong> providing the opportunity to discuss and to analyze ideas, proposals and results of research and actual experience already obtained on the applicability and implementation of sustainable agenda in different geographical and socio-cultural contexts.<\/p>\n<hr \/>\n<p>La Comisi\u00f3n organizadora do <strong>X Coloquio Ib\u00e9rico de Econom\u00eda Social<\/strong> <strong>del CIRIEC<\/strong> y el 1er <strong>Coloquio internacional de econom\u00eda social de la Fundaci\u00f3n INATEL, <\/strong>invita a la sumisi\u00f3n de res\u00famenes de comunicaciones.<\/p>\n<p>El<strong> env\u00edo <\/strong>de res\u00famenes debe hacer-se hasta<span style=\"color: #ff6600;\"><strong> 15 de Setiembre<\/strong> <\/span>en la p\u00e1gina Web de los coloquios esta toda la informaci\u00f3n relevante sobre el evento <a href=\"https:\/\/fs6.formsite.com\/inatel\/cciip\/index.html\">https:\/\/fs6.formsite.com\/inatel\/cciip\/index.html<\/a>.<\/p>\n<p>Los Coloquios son en Lisboa a 18 &#8211; 19 de Noviembre de 2019 en una organizaci\u00f3n conjunta del CIRIEC \u2013 Portugal, CIRIEC \u2013 Espa\u00f1a y Fundaci\u00f3n INATEL.<\/p>\n<p>El Tema General es la <strong>Sostenibilidad del territorio, patrimonio y turismo social<\/strong> siendo una oportunidad para debatir y analizar ideas, propuestas y resultados de pesquisas e experiencias concretas sobre la aplicabilidad y implementaci\u00f3n de una agenda sostenible en diferentes contextos geogr\u00e1ficos y socio culturales.<\/p>\n<p>Contamos con su apoyo y participaci\u00f3n!<\/p>\n<p>Mas informaci\u00f3n sobre esta llamada a communicaciones ver <a href=\"https:\/\/fs6.formsite.com\/inatel\/cciip\/index.html\">https:\/\/fs6.formsite.com\/inatel\/cciip\/index.html<\/a>.<\/p>\n<hr \/>\n<p>A Comiss\u00e3o Organizadora do <strong>X Col\u00f3quio Ib\u00e9rico de Economia Social do CIRIEC e do I Col\u00f3quio Internacional de Economia Social da Funda\u00e7\u00e3o INATEL<\/strong> convida \u00e0 apresenta\u00e7\u00e3o de resumos de comunica\u00e7\u00f5es.<\/p>\n<p>O<strong> envio <\/strong>de resumos deve fazer-se <strong>at\u00e9 <span style=\"color: #ff6600;\">15 de Setembro<\/span><\/strong> atrav\u00e9s da p\u00e1gina dos col\u00f3quios onde se encontra toda a informa\u00e7\u00e3o relevante sobre o evento <a href=\"https:\/\/fs6.formsite.com\/inatel\/cciip\/index.html\">https:\/\/fs6.formsite.com\/inatel\/cciip\/index.html<\/a>.<\/p>\n<p>Os Col\u00f3quios ter\u00e3o lugar em Lisboa a 18 e 19 de Novembro de 2019 numa organiza\u00e7\u00e3o conjunta do CIRIEC \u2013 Portugal, CIRIEC \u2013 Espanha e Funda\u00e7\u00e3o INATEL.<\/p>\n<p>O tema geral do Col\u00f3quio \u00e9 <strong>Sustentabilidade do Territ\u00f3rio, Patrim\u00f3nio e Turismo Social <\/strong>proporcionando a oportunidade de debater e analisar ideias, projetos e resultados de experi\u00eancias concretas na aplicabilidade e implementa\u00e7\u00e3o de uma agenda sustent\u00e1vel em diferentes contextos geogr\u00e1ficos e socioculturais.<\/p>\n<p>Contamos com o vosso suporte e participa\u00e7\u00e3o!<\/p>\n<p>Mais informa\u00e7\u00e3o sobre este apelo a comunica\u00e7\u00f5es ver <a href=\"https:\/\/fs6.formsite.com\/inatel\/cciip\/index.html\">https:\/\/fs6.formsite.com\/inatel\/cciip\/index.html<\/a>.<\/p>\n","protected":false},"excerpt":{"rendered":"<p>X Iberian Colloquium on Social Economy of CIRIEC &amp; 1st International Colloquium on Social Economy of the INATEL Foundation ************* CALL FOR ABSTRACTS &nbsp; The Organizing Committee of the X Iberian Colloquium on Social Economy of CIRIEC and 1st International Colloquium on Social Economy of the INATEL Foundation invites the submission of abstracts. The submission&#8230; <\/p>\n<div class=\"clear\"><\/div>\n<p><a href=\"https:\/\/www.ciriec.uliege.be\/en\/event-ciriec\/x-iberian-colloquium-on-social-economy-of-ciriec-1st-international-colloquium-on-social-economy-of-the-inatel-foundation-18-19-nov-2019-lisbon\/\" class=\"gdlr-button with-border excerpt-read-more\">Read More<\/a><\/p>\n","protected":false},"author":6,"featured_media":12378,"comment_status":"closed","ping_status":"closed","template":"","meta":[],"tags":[],"tribe_events_cat":[214,210],"_links":{"self":[{"href":"https:\/\/www.ciriec.uliege.be\/en\/wp-json\/wp\/v2\/tribe_events\/12387"}],"collection":[{"href":"https:\/\/www.ciriec.uliege.be\/en\/wp-json\/wp\/v2\/tribe_events"}],"about":[{"href":"https:\/\/www.ciriec.uliege.be\/en\/wp-json\/wp\/v2\/types\/tribe_events"}],"author":[{"embeddable":true,"href":"https:\/\/www.ciriec.uliege.be\/en\/wp-json\/wp\/v2\/users\/6"}],"replies":[{"embeddable":true,"href":"https:\/\/www.ciriec.uliege.be\/en\/wp-json\/wp\/v2\/comments?post=12387"}],"version-history":[{"count":1,"href":"https:\/\/www.ciriec.uliege.be\/en\/wp-json\/wp\/v2\/tribe_events\/12387\/revisions"}],"predecessor-version":[{"id":12388,"href":"https:\/\/www.ciriec.uliege.be\/en\/wp-json\/wp\/v2\/tribe_events\/12387\/revisions\/12388"}],"wp:featuredmedia":[{"embeddable":true,"href":"https:\/\/www.ciriec.uliege.be\/en\/wp-json\/wp\/v2\/media\/12378"}],"wp:attachment":[{"href":"https:\/\/www.ciriec.uliege.be\/en\/wp-json\/wp\/v2\/media?parent=12387"}],"wp:term":[{"taxonomy":"post_tag","embeddable":true,"href":"https:\/\/www.ciriec.uliege.be\/en\/wp-json\/wp\/v2\/tags?post=12387"},{"taxonomy":"tribe_events_cat","embeddable":true,"href":"https:\/\/www.ciriec.uliege.be\/en\/wp-json\/wp\/v2\/tribe_events_cat?post=12387"}],"curies":[{"name":"wp","href":"https:\/\/api.w.org\/{rel}","templated":true}]}}

<p><img loading="lazy" class="size-medium wp-image-12377 alignnone" src="https://www.ciriec.uliege.be/wp-content/uploads/2019/08/Logo_Coloquio_iberico_ENG-300x170.jpg" alt="" width="300" height="170" srcset="https://www.ciriec.uliege.be/wp-content/uploads/2019/08/Logo_Coloquio_iberico_ENG-300x170.jpg 300w, https://www.ciriec.uliege.be/wp-content/uploads/2019/08/Logo_Coloquio_iberico_ENG-768x435.jpg 768w, https://www.ciriec.uliege.be/wp-content/uploads/2019/08/Logo_Coloquio_iberico_ENG-1024x581.jpg 1024w, https://www.ciriec.uliege.be/wp-content/uploads/2019/08/Logo_Coloquio_iberico_ENG-700x400.jpg 700w" sizes="(max-width: 300px) 100vw, 300px" /></p>
<h6 style="text-align: center;"><strong>X Iberian Colloquium on Social Economy of CIRIEC<br />
&amp;<br />
</strong><strong>1<sup>st</sup> International Colloquium on Social Economy of the INATEL Foundation</strong></h6>
<h6 style="text-align: center;"><strong><br />
*************<br />
</strong><strong style="color: #ff6600; font-size: 16px;">CALL FOR ABSTRACTS</strong></h6>
<p>&nbsp;</p>
<p>The Organizing Committee of the <strong>X Iberian Colloquium on Social Economy of CIRIEC </strong>and<strong> 1<sup>st</sup> International Colloquium on Social Economy of the INATEL Foundation</strong> invites the submission of abstracts.</p>
<p><strong>The submission is open on the <em>webpage </em>of the Colloquia <a href="https://fs6.formsite.com/inatel/cciip/index.html" target="_blank" rel="noopener">(https://fs6.formsite.com/inatel/cciip/index.html )</a></strong>, where you can consult the list of topics, as well as other relevant information about the event. <strong>The deadline for submission of abstracts is <span style="color: #ff6600;">15 September 2019</span>.</strong></p>
<p><strong>The Colloquia </strong>will be held at Lisbon (18-19 November 2019) is jointly organized by the CIRIEC  – Portugal, CIRIEC – Spain and INATEL Foundation</p>
<p>The overall theme of the Colloquia is <strong>Territory, Heritage and Social Tourism Sustainability</strong> providing the opportunity to discuss and to analyze ideas, proposals and results of research and actual experience already obtained on the applicability and implementation of sustainable agenda in different geographical and socio-cultural contexts.</p>
<hr />
<p>La Comisión organizadora do <strong>X Coloquio Ibérico de Economía Social</strong> <strong>del CIRIEC</strong> y el 1er <strong>Coloquio internacional de economía social de la Fundación INATEL, </strong>invita a la sumisión de resúmenes de comunicaciones.</p>
<p>El<strong> envío </strong>de resúmenes debe hacer-se hasta<span style="color: #ff6600;"><strong> 15 de Setiembre</strong> </span>en la página Web de los coloquios esta toda la información relevante sobre el evento <a href="https://fs6.formsite.com/inatel/cciip/index.html">https://fs6.formsite.com/inatel/cciip/index.html</a>.</p>
<p>Los Coloquios son en Lisboa a 18 &#8211; 19 de Noviembre de 2019 en una organización conjunta del CIRIEC – Portugal, CIRIEC – España y Fundación INATEL.</p>
<p>El Tema General es la <strong>Sostenibilidad del territorio, patrimonio y turismo social</strong> siendo una oportunidad para debatir y analizar ideas, propuestas y resultados de pesquisas e experiencias concretas sobre la aplicabilidad y implementación de una agenda sostenible en diferentes contextos geográficos y socio culturales.</p>
<p>Contamos con su apoyo y participación!</p>
<p>Mas información sobre esta llamada a communicaciones ver <a href="https://fs6.formsite.com/inatel/cciip/index.html">https://fs6.formsite.com/inatel/cciip/index.html</a>.</p>
<hr />
<p>A Comissão Organizadora do <strong>X Colóquio Ibérico de Economia Social do CIRIEC e do I Colóquio Internacional de Economia Social da Fundação INATEL</strong> convida à apresentação de resumos de comunicações.</p>
<p>O<strong> envio </strong>de resumos deve fazer-se <strong>até <span style="color: #ff6600;">15 de Setembro</span></strong> através da página dos colóquios onde se encontra toda a informação relevante sobre o evento <a href="https://fs6.formsite.com/inatel/cciip/index.html">https://fs6.formsite.com/inatel/cciip/index.html</a>.</p>
<p>Os Colóquios terão lugar em Lisboa a 18 e 19 de Novembro de 2019 numa organização conjunta do CIRIEC – Portugal, CIRIEC – Espanha e Fundação INATEL.</p>
<p>O tema geral do Colóquio é <strong>Sustentabilidade do Território, Património e Turismo Social </strong>proporcionando a oportunidade de debater e analisar ideias, projetos e resultados de experiências concretas na aplicabilidade e implementação de uma agenda sustentável em diferentes contextos geográficos e socioculturais.</p>
<p>Contamos com o vosso suporte e participação!</p>
<p>Mais informação sobre este apelo a comunicações ver <a href="https://fs6.formsite.com/inatel/cciip/index.html">https://fs6.formsite.com/inatel/cciip/index.html</a>.</p>
